{"id":2356,"date":"2022-10-27T19:07:44","date_gmt":"2022-10-27T21:07:44","guid":{"rendered":"https:\/\/shop.zuz-fanexpress.de\/?post_type=product&#038;p=2356"},"modified":"2026-01-15T13:33:45","modified_gmt":"2026-01-15T15:33:45","slug":"hoody-1848-wappen-grau","status":"publish","type":"product","link":"https:\/\/shop.zuz-fanexpress.de\/index.php\/produkt\/hoody-1848-wappen-grau\/","title":{"rendered":"Hoody &#8222;1848 Stadwappen&#8220; grau"},"content":{"rendered":"<p>Der ZuZ-Klassiker schlechthin. Doch was macht ihn so besonders? Das gedruckte Bochumer Stadtwappen umgeben vom Herzensverein. Beides vereint in Einem, ist ein absolut rundes Ding und hat das Zeug zum Lieblingskleidungsst\u00fcck. Durch die unschlagbare Qualit\u00e4t, geh\u00f6rt es zum idealen Spieltags-Outfit. Eurer Auswahl sind dabei keine Grenzen gesetzt.<br \/>\nOb als T-Shirt, Hoodie, Sweater oder Zipper \u2013 f\u00fcr jede Jahreszeit ist etwas dabei. Aus verschiedenen Farbvarianten k\u00f6nnt ihr ausw\u00e4hlen um euch f\u00fcr das ganze Jahr einzudecken.<\/p>\n","protected":false},"excerpt":{"rendered":"<p>Hoody grau mit Aufdruck &#8222;1848&#8220; und Stadtwappen<\/p>\n<p>Lieferzeit ca. 2 Wochen<\/p>\n","protected":false},"featured_media":2364,"template":"","meta":[],"product_brand":[],"product_cat":[30,28],"product_tag":[],"class_list":{"0":"post-2356","1":"product","2":"type-product","3":"status-publish","4":"has-post-thumbnail","6":"product_cat-herren-pullover","7":"product_cat-pullover","8":"product_shipping_class-standard","10":"first","11":"instock","12":"taxable","13":"shipping-taxable","14":"purchasable","15":"product-type-variable","16":"has-default-attributes"},"_links":{"self":[{"href":"https:\/\/shop.zuz-fanexpress.de\/index.php\/wp-json\/wp\/v2\/product\/2356","targetHints":{"allow":["GET"]}}],"collection":[{"href":"https:\/\/shop.zuz-fanexpress.de\/index.php\/wp-json\/wp\/v2\/product"}],"about":[{"href":"https:\/\/shop.zuz-fanexpress.de\/index.php\/wp-json\/wp\/v2\/types\/product"}],"wp:featuredmedia":[{"embeddable":true,"href":"https:\/\/shop.zuz-fanexpress.de\/index.php\/wp-json\/wp\/v2\/media\/2364"}],"wp:attachment":[{"href":"https:\/\/shop.zuz-fanexpress.de\/index.php\/wp-json\/wp\/v2\/media?parent=2356"}],"wp:term":[{"taxonomy":"product_brand","embeddable":true,"href":"https:\/\/shop.zuz-fanexpress.de\/index.php\/wp-json\/wp\/v2\/product_brand?post=2356"},{"taxonomy":"product_cat","embeddable":true,"href":"https:\/\/shop.zuz-fanexpress.de\/index.php\/wp-json\/wp\/v2\/product_cat?post=2356"},{"taxonomy":"product_tag","embeddable":true,"href":"https:\/\/shop.zuz-fanexpress.de\/index.php\/wp-json\/wp\/v2\/product_tag?post=2356"}],"curies":[{"name":"wp","href":"https:\/\/api.w.org\/{rel}","templated":true}]}}