{"id":4437,"date":"2024-08-08T15:10:32","date_gmt":"2024-08-08T17:10:32","guid":{"rendered":"https:\/\/shop.zuz-fanexpress.de\/?post_type=product&#038;p=4437"},"modified":"2026-05-13T06:44:23","modified_gmt":"2026-05-13T08:44:23","slug":"1848-damen-tank-top-qualitaets-baumwolle-fuer-echte-fussball-fans-2","status":"publish","type":"product","link":"https:\/\/shop.zuz-fanexpress.de\/index.php\/produkt\/1848-damen-tank-top-qualitaets-baumwolle-fuer-echte-fussball-fans-2\/","title":{"rendered":"1848 Damen Tank Top: Qualit\u00e4ts-Baumwolle f\u00fcr echte Fu\u00dfball-Fans!"},"content":{"rendered":"<p>Die Temperaturen steigen und ihr wisst nicht, was ihr anziehen sollt? T-Shirts und Trikots sind bei dieser Hitze nicht mehr ideal?<br \/>\nDann schnappt euch das Top mit dem Aufdruck \u201e1848\u201c. Dank des festen Stoffes ist das Top blickdicht und verrutscht nicht. Das macht es auch f\u00fcr sportliche Aktivit\u00e4ten unschlagbar!<\/p>\n","protected":false},"excerpt":{"rendered":"<p>Die Temperaturen steigen und ihr wisst nicht, was ihr anziehen sollt? T-Shirts und Trikots sind bei dieser Hitze nicht mehr ideal? Dann schnappt euch das Top mit dem Aufdruck \u201e1848\u201c. Dank des festen Stoffes ist das Top blickdicht und verrutscht nicht. Das macht es auch&hellip;<\/p>\n","protected":false},"featured_media":4425,"template":"","meta":[],"product_brand":[],"product_cat":[15],"product_tag":[],"class_list":{"0":"post-4437","1":"product","2":"type-product","3":"status-publish","4":"has-post-thumbnail","6":"product_cat-unkategorisiert","7":"product_shipping_class-standard","9":"first","10":"instock","11":"sale","12":"taxable","13":"shipping-taxable","14":"purchasable","15":"product-type-variable"},"_links":{"self":[{"href":"https:\/\/shop.zuz-fanexpress.de\/index.php\/wp-json\/wp\/v2\/product\/4437","targetHints":{"allow":["GET"]}}],"collection":[{"href":"https:\/\/shop.zuz-fanexpress.de\/index.php\/wp-json\/wp\/v2\/product"}],"about":[{"href":"https:\/\/shop.zuz-fanexpress.de\/index.php\/wp-json\/wp\/v2\/types\/product"}],"wp:featuredmedia":[{"embeddable":true,"href":"https:\/\/shop.zuz-fanexpress.de\/index.php\/wp-json\/wp\/v2\/media\/4425"}],"wp:attachment":[{"href":"https:\/\/shop.zuz-fanexpress.de\/index.php\/wp-json\/wp\/v2\/media?parent=4437"}],"wp:term":[{"taxonomy":"product_brand","embeddable":true,"href":"https:\/\/shop.zuz-fanexpress.de\/index.php\/wp-json\/wp\/v2\/product_brand?post=4437"},{"taxonomy":"product_cat","embeddable":true,"href":"https:\/\/shop.zuz-fanexpress.de\/index.php\/wp-json\/wp\/v2\/product_cat?post=4437"},{"taxonomy":"product_tag","embeddable":true,"href":"https:\/\/shop.zuz-fanexpress.de\/index.php\/wp-json\/wp\/v2\/product_tag?post=4437"}],"curies":[{"name":"wp","href":"https:\/\/api.w.org\/{rel}","templated":true}]}}