{"id":4536,"date":"2024-08-25T09:19:46","date_gmt":"2024-08-25T11:19:46","guid":{"rendered":"https:\/\/shop.zuz-fanexpress.de\/?post_type=product&#038;p=4536"},"modified":"2026-04-14T11:31:18","modified_gmt":"2026-04-14T13:31:18","slug":"teil-1","status":"publish","type":"product","link":"https:\/\/shop.zuz-fanexpress.de\/index.php\/produkt\/teil-1\/","title":{"rendered":"Zipper 1848+Stadtwappen"},"content":{"rendered":"<p>Ein einzigartiger Zipper, der vieles kann. Die Vereinszahlen zusammen mit dem Stadtwappen sind sowohl vorne auf der Jacke als auch gro\u00dffl\u00e4chig auf dem R\u00fccken gestickt. Seitlich an den Armen wiederholen sich die Vereinszahlen 1848 in einem flie\u00dfenden Muster. Die Jacke eignet sich ideal als \u00dcbergangsjacke, da sie innen leicht gef\u00fcttert ist und dadurch einen angenehmen Tragekomfort bietet. Erh\u00e4ltlich ist sie sowohl f\u00fcr Kinder, wie auch f\u00fcr Erwachsene. <\/p>\n","protected":false},"excerpt":{"rendered":"<p>Abholung sofort m\u00f6glich<\/p>\n<p>Bei Versand Lieferzeit ca. 1 Woche<\/p>\n","protected":false},"featured_media":4537,"template":"","meta":[],"product_brand":[],"product_cat":[15],"product_tag":[],"class_list":{"0":"post-4536","1":"product","2":"type-product","3":"status-publish","4":"has-post-thumbnail","6":"product_cat-unkategorisiert","7":"product_shipping_class-standard","9":"first","10":"instock","11":"taxable","12":"shipping-taxable","13":"purchasable","14":"product-type-variable"},"_links":{"self":[{"href":"https:\/\/shop.zuz-fanexpress.de\/index.php\/wp-json\/wp\/v2\/product\/4536","targetHints":{"allow":["GET"]}}],"collection":[{"href":"https:\/\/shop.zuz-fanexpress.de\/index.php\/wp-json\/wp\/v2\/product"}],"about":[{"href":"https:\/\/shop.zuz-fanexpress.de\/index.php\/wp-json\/wp\/v2\/types\/product"}],"wp:featuredmedia":[{"embeddable":true,"href":"https:\/\/shop.zuz-fanexpress.de\/index.php\/wp-json\/wp\/v2\/media\/4537"}],"wp:attachment":[{"href":"https:\/\/shop.zuz-fanexpress.de\/index.php\/wp-json\/wp\/v2\/media?parent=4536"}],"wp:term":[{"taxonomy":"product_brand","embeddable":true,"href":"https:\/\/shop.zuz-fanexpress.de\/index.php\/wp-json\/wp\/v2\/product_brand?post=4536"},{"taxonomy":"product_cat","embeddable":true,"href":"https:\/\/shop.zuz-fanexpress.de\/index.php\/wp-json\/wp\/v2\/product_cat?post=4536"},{"taxonomy":"product_tag","embeddable":true,"href":"https:\/\/shop.zuz-fanexpress.de\/index.php\/wp-json\/wp\/v2\/product_tag?post=4536"}],"curies":[{"name":"wp","href":"https:\/\/api.w.org\/{rel}","templated":true}]}}