{"id":5346,"date":"2025-07-12T06:09:07","date_gmt":"2025-07-12T08:09:07","guid":{"rendered":"https:\/\/shop.zuz-fanexpress.de\/?post_type=product&#038;p=5346"},"modified":"2026-05-03T04:33:44","modified_gmt":"2026-05-03T06:33:44","slug":"t-shirt-gestickt-1848","status":"publish","type":"product","link":"https:\/\/shop.zuz-fanexpress.de\/index.php\/produkt\/t-shirt-gestickt-1848\/","title":{"rendered":"T-Shirt gestickt &#8222;1848"},"content":{"rendered":"<p>Der ZuZ-Klassiker schlechthin \u2013 nun auch in hochwertig gestickter Version! Doch was macht ihn so besonders? Das gedruckte Bochumer Stadtwappen umgeben vom Herzensverein. Beides vereint in Einem, ist ein absolut rundes Ding und hat das Zeug zum Lieblingskleidungsst\u00fcck. Durch die unschlagbare Qualit\u00e4t, geh\u00f6rt es zum idealen Spieltags-Outfit. Eurer Auswahl sind dabei keine Grenzen gesetzt.<br \/>\nOb als T-Shirt oder Hoodie \u2013 f\u00fcr jede Jahreszeit ist etwas dabei. <\/p>\n","protected":false},"excerpt":{"rendered":"<p>Neues original 1848 T-Shirt f\u00fcr die neue Saison.<\/p>\n<p>In den Gr\u00f6\u00dfen S bis 5XL erh\u00e4ltlich.<\/p>\n","protected":false},"featured_media":5378,"template":"","meta":[],"product_brand":[],"product_cat":[16],"product_tag":[],"class_list":{"0":"post-5346","1":"product","2":"type-product","3":"status-publish","4":"has-post-thumbnail","6":"product_cat-t-shirts","8":"first","9":"instock","10":"sale","11":"taxable","12":"shipping-taxable","13":"purchasable","14":"product-type-variable"},"_links":{"self":[{"href":"https:\/\/shop.zuz-fanexpress.de\/index.php\/wp-json\/wp\/v2\/product\/5346","targetHints":{"allow":["GET"]}}],"collection":[{"href":"https:\/\/shop.zuz-fanexpress.de\/index.php\/wp-json\/wp\/v2\/product"}],"about":[{"href":"https:\/\/shop.zuz-fanexpress.de\/index.php\/wp-json\/wp\/v2\/types\/product"}],"wp:featuredmedia":[{"embeddable":true,"href":"https:\/\/shop.zuz-fanexpress.de\/index.php\/wp-json\/wp\/v2\/media\/5378"}],"wp:attachment":[{"href":"https:\/\/shop.zuz-fanexpress.de\/index.php\/wp-json\/wp\/v2\/media?parent=5346"}],"wp:term":[{"taxonomy":"product_brand","embeddable":true,"href":"https:\/\/shop.zuz-fanexpress.de\/index.php\/wp-json\/wp\/v2\/product_brand?post=5346"},{"taxonomy":"product_cat","embeddable":true,"href":"https:\/\/shop.zuz-fanexpress.de\/index.php\/wp-json\/wp\/v2\/product_cat?post=5346"},{"taxonomy":"product_tag","embeddable":true,"href":"https:\/\/shop.zuz-fanexpress.de\/index.php\/wp-json\/wp\/v2\/product_tag?post=5346"}],"curies":[{"name":"wp","href":"https:\/\/api.w.org\/{rel}","templated":true}]}}