{"id":5673,"date":"2025-09-13T13:07:06","date_gmt":"2025-09-13T15:07:06","guid":{"rendered":"https:\/\/shop.zuz-fanexpress.de\/?post_type=product&#038;p=5673"},"modified":"2026-02-25T07:14:55","modified_gmt":"2026-02-25T09:14:55","slug":"fischerhut-bochum-1848-marine-weiss","status":"publish","type":"product","link":"https:\/\/shop.zuz-fanexpress.de\/index.php\/produkt\/fischerhut-bochum-1848-marine-weiss\/","title":{"rendered":"Fischerhut Stadtwappen + 1848 marine-blau &amp; wei\u00df"},"content":{"rendered":"<p>Fischerh\u00fcte sind wieder im Trend! Man sieht sie in diversen Farben, mit diversen Motiven. Da darf der Bochumer Fischerhut nat\u00fcrlich nicht fehlen. Ob im Urlaub, auf Festivals oder im Stadion, der l\u00e4ssige Sonnenschutz mitsamt dem Stadtwappen und der legend\u00e4ren Zahl 1848 ist garantiert ein Must-have.<\/p>\n","protected":false},"excerpt":{"rendered":"<p>Fischerhut &#8222;Bochum 1848&#8220; Marine Weis <\/p>\n<p>Lieferzeit ca. nach Geld Eingang 3 Tage<br \/>\nAbholen :Sofort<\/p>\n","protected":false},"featured_media":5675,"template":"","meta":[],"product_brand":[],"product_cat":[45],"product_tag":[],"class_list":{"0":"post-5673","1":"product","2":"type-product","3":"status-publish","4":"has-post-thumbnail","6":"product_cat-kappen","7":"product_shipping_class-leicht","9":"first","10":"instock","11":"taxable","12":"shipping-taxable","13":"purchasable","14":"product-type-simple"},"_links":{"self":[{"href":"https:\/\/shop.zuz-fanexpress.de\/index.php\/wp-json\/wp\/v2\/product\/5673","targetHints":{"allow":["GET"]}}],"collection":[{"href":"https:\/\/shop.zuz-fanexpress.de\/index.php\/wp-json\/wp\/v2\/product"}],"about":[{"href":"https:\/\/shop.zuz-fanexpress.de\/index.php\/wp-json\/wp\/v2\/types\/product"}],"wp:featuredmedia":[{"embeddable":true,"href":"https:\/\/shop.zuz-fanexpress.de\/index.php\/wp-json\/wp\/v2\/media\/5675"}],"wp:attachment":[{"href":"https:\/\/shop.zuz-fanexpress.de\/index.php\/wp-json\/wp\/v2\/media?parent=5673"}],"wp:term":[{"taxonomy":"product_brand","embeddable":true,"href":"https:\/\/shop.zuz-fanexpress.de\/index.php\/wp-json\/wp\/v2\/product_brand?post=5673"},{"taxonomy":"product_cat","embeddable":true,"href":"https:\/\/shop.zuz-fanexpress.de\/index.php\/wp-json\/wp\/v2\/product_cat?post=5673"},{"taxonomy":"product_tag","embeddable":true,"href":"https:\/\/shop.zuz-fanexpress.de\/index.php\/wp-json\/wp\/v2\/product_tag?post=5673"}],"curies":[{"name":"wp","href":"https:\/\/api.w.org\/{rel}","templated":true}]}}