{"id":5965,"date":"2025-12-04T09:19:11","date_gmt":"2025-12-04T11:19:11","guid":{"rendered":"https:\/\/shop.zuz-fanexpress.de\/?post_type=product&#038;p=5965"},"modified":"2026-01-19T11:28:27","modified_gmt":"2026-01-19T13:28:27","slug":"kochschuerze-in-blau-tief-im-westen","status":"publish","type":"product","link":"https:\/\/shop.zuz-fanexpress.de\/index.php\/produkt\/kochschuerze-in-blau-tief-im-westen\/","title":{"rendered":"Kochsch\u00fcrze in blau 4630 Tief im Westen"},"content":{"rendered":"<p>Ihr kocht, backt oder grillt gerne, habt aber keine sch\u00f6ne Kochsch\u00fcrze? Gar kein Problem! Je nach Geschmack k\u00f6nnt ihr zwischen einer Kochsch\u00fcrze mit dem Aufdruck \u201e4630 \u2013 Tief im Westen\u201c oder der schlichteren Version aus Stadtwappen + 1848 ausw\u00e4hlen. Guter Geschmack bei der Sch\u00fcrze \u2013 guter Geschmack bei den Mahlzeiten. Guten Appetit! <\/p>\n","protected":false},"excerpt":{"rendered":"<p>Kochsch\u00fcrze in blau   Tief im Westen<\/p>\n<p>Abholung sofort m\u00f6glich, bei Versand Lieferzeit ca. 1 Woche<\/p>\n","protected":false},"featured_media":5963,"template":"","meta":[],"product_brand":[],"product_cat":[15],"product_tag":[],"class_list":{"0":"post-5965","1":"product","2":"type-product","3":"status-publish","4":"has-post-thumbnail","6":"product_cat-unkategorisiert","7":"product_shipping_class-leicht","8":"pa_color-navy","9":"pa_color-schwarz","11":"first","12":"instock","13":"taxable","14":"shipping-taxable","15":"purchasable","16":"product-type-simple"},"_links":{"self":[{"href":"https:\/\/shop.zuz-fanexpress.de\/index.php\/wp-json\/wp\/v2\/product\/5965","targetHints":{"allow":["GET"]}}],"collection":[{"href":"https:\/\/shop.zuz-fanexpress.de\/index.php\/wp-json\/wp\/v2\/product"}],"about":[{"href":"https:\/\/shop.zuz-fanexpress.de\/index.php\/wp-json\/wp\/v2\/types\/product"}],"wp:featuredmedia":[{"embeddable":true,"href":"https:\/\/shop.zuz-fanexpress.de\/index.php\/wp-json\/wp\/v2\/media\/5963"}],"wp:attachment":[{"href":"https:\/\/shop.zuz-fanexpress.de\/index.php\/wp-json\/wp\/v2\/media?parent=5965"}],"wp:term":[{"taxonomy":"product_brand","embeddable":true,"href":"https:\/\/shop.zuz-fanexpress.de\/index.php\/wp-json\/wp\/v2\/product_brand?post=5965"},{"taxonomy":"product_cat","embeddable":true,"href":"https:\/\/shop.zuz-fanexpress.de\/index.php\/wp-json\/wp\/v2\/product_cat?post=5965"},{"taxonomy":"product_tag","embeddable":true,"href":"https:\/\/shop.zuz-fanexpress.de\/index.php\/wp-json\/wp\/v2\/product_tag?post=5965"}],"curies":[{"name":"wp","href":"https:\/\/api.w.org\/{rel}","templated":true}]}}