{"id":6382,"date":"2026-02-28T14:44:07","date_gmt":"2026-02-28T16:44:07","guid":{"rendered":"https:\/\/shop.zuz-fanexpress.de\/?post_type=product&#038;p=6382"},"modified":"2026-03-15T21:54:21","modified_gmt":"2026-03-15T23:54:21","slug":"rucksaeck-bochum-1848","status":"publish","type":"product","link":"https:\/\/shop.zuz-fanexpress.de\/index.php\/produkt\/rucksaeck-bochum-1848\/","title":{"rendered":"Rucksack Bochum \/ 1848"},"content":{"rendered":"<p>Ob f\u00fcr die Arbeit, einen Ausflug oder die n\u00e4chste Ausw\u00e4rtsfahrt \u2013 Rucks\u00e4cke sind optimal, um komfortabel zu reisen. Der Rucksack \u201eBochum 1848\u201c liegt leicht auf den Schultern und bietet eine Menge Stauraum. Zwei Au\u00dfentaschen, ein kleineres Fach mit Rei\u00dfverschluss und das gro\u00dfe Hauptfach bieten gen\u00fcgend Platz, um Flaschen, Wertgegenst\u00e4nde und gr\u00f6\u00dfere Dinge, wie Kleidung, Proviant und Weiteres, unterzubringen.<br \/>\nDas Hauptfach wird dabei umgeschlagen und festgezurrt. Somit ist alles sicher verstaut und kann nicht aus dem Rucksack fallen.<br \/>\nIn der Farbe navy-blau und dem gro\u00dfen, wei\u00dfen Aufdruck, pr\u00e4sentiert ihr Stadt und Verein bei jeder Gelegenheit. Dabei seid ihr nicht nur stylisch unterwegs, sondern setzt zudem auch ein Zeichen f\u00fcr die Nachhaltigkeit. Denn der Rucksack besteht aus 100% recyceltem Material! <\/p>\n","protected":false},"excerpt":{"rendered":"<p>Rucks\u00e4ck Bochum \/1848<\/p>\n<p>Abholung sofort m\u00f6glich,<br \/>\nbei Versand Lieferzeit ca.1Woche<\/p>\n","protected":false},"featured_media":6383,"template":"","meta":[],"product_brand":[],"product_cat":[15],"product_tag":[],"class_list":{"0":"post-6382","1":"product","2":"type-product","3":"status-publish","4":"has-post-thumbnail","6":"product_cat-unkategorisiert","7":"product_shipping_class-leicht","8":"pa_color-navy","9":"pa_color-schwarz","11":"first","12":"instock","13":"taxable","14":"shipping-taxable","15":"purchasable","16":"product-type-simple"},"_links":{"self":[{"href":"https:\/\/shop.zuz-fanexpress.de\/index.php\/wp-json\/wp\/v2\/product\/6382","targetHints":{"allow":["GET"]}}],"collection":[{"href":"https:\/\/shop.zuz-fanexpress.de\/index.php\/wp-json\/wp\/v2\/product"}],"about":[{"href":"https:\/\/shop.zuz-fanexpress.de\/index.php\/wp-json\/wp\/v2\/types\/product"}],"wp:featuredmedia":[{"embeddable":true,"href":"https:\/\/shop.zuz-fanexpress.de\/index.php\/wp-json\/wp\/v2\/media\/6383"}],"wp:attachment":[{"href":"https:\/\/shop.zuz-fanexpress.de\/index.php\/wp-json\/wp\/v2\/media?parent=6382"}],"wp:term":[{"taxonomy":"product_brand","embeddable":true,"href":"https:\/\/shop.zuz-fanexpress.de\/index.php\/wp-json\/wp\/v2\/product_brand?post=6382"},{"taxonomy":"product_cat","embeddable":true,"href":"https:\/\/shop.zuz-fanexpress.de\/index.php\/wp-json\/wp\/v2\/product_cat?post=6382"},{"taxonomy":"product_tag","embeddable":true,"href":"https:\/\/shop.zuz-fanexpress.de\/index.php\/wp-json\/wp\/v2\/product_tag?post=6382"}],"curies":[{"name":"wp","href":"https:\/\/api.w.org\/{rel}","templated":true}]}}